 ten thousands digit of 187447?
8
What is the thousands digit of 84909?
4
What is the units digit of 756992?
2
What is the units digit of 428362?
2
What is the units digit of 1559755?
5
What is the tens digit of 4168226?
2
What is the hundred thousands digit of 1658776?
6
What is the millions digit of 3211361?
3
What is the ten thousands digit of 3746619?
4
What is the units digit of 106475?
5
What is the thousands digit of 10976863?
6
What is the hundreds digit of 311852?
8
What is the millions digit of 2862103?
2
What is the ten thousands digit of 15743858?
4
What is the units digit of 13963121?
1
What is the hundred thousands digit of 1490023?
4
What is the units digit of 16463205?
5
What is the millions digit of 1568192?
1
What is the ten millions digit of 38532378?
3
What is the thousands digit of 1112482?
2
What is the hundred thousands digit of 3541384?
5
What is the hundred thousands digit of 1566739?
5
What is the tens digit of 24694288?
8
What is the hundreds digit of 330511?
5
What is the ten thousands digit of 787973?
8
What is the hundreds digit of 1374488?
4
What is the hundred thousands digit of 432366?
4
What is the units digit of 2687788?
8
What is the ten thousands digit of 31590?
3
What is the millions digit of 8580153?
8
What is the hundreds digit of 394271?
2
What is the units digit of 20693045?
5
What is the units digit of 32333?
3
What is the hundreds digit of 573048?
0
What is the units digit of 9717?
7
What is the thousands digit of 59931?
9
What is the hundreds digit of 531772?
7
What is the ten thousands digit of 912652?
1
What is the thousands digit of 1115130?
5
What is the thousands digit of 235916?
5
What is the tens digit of 13182568?
6
What is the units digit of 579564?
4
What is the units digit of 263979?
9
What is the units digit of 498387?
7
What is the tens digit of 208888?
8
What is the thousands digit of 728234?
8
What is the units digit of 164824?
4
What is the hundred thousands digit of 4627435?
6
What is the ten thousands digit of 187580?
8
What is the units digit of 11556400?
0
What is the units digit of 474999?
9
What is the tens digit of 166455?
5
What is the hundred thousands digit of 1594235?
5
What is the hundreds digit of 31088?
0
What is the millions digit of 15007840?
5
What is the thousands digit of 3719422?
9
What is the hundreds digit of 448900?
9
What is the hundreds digit of 447773?
7
What is the hundred thousands digit of 9853687?
8
What is the units digit of 979815?
5
What is the thousands digit of 380166?
0
What is the hundreds digit of 1927216?
2
What is the millions digit of 10687680?
0
What is the millions digit of 4293815?
4
What is the ten thousands digit of 1007554?
0
What is the millions digit of 3333252?
3
What is the hundred thousands digit of 1300114?
3
What is the tens digit of 4865042?
4
What is the tens digit of 2403719?
1
What is the hundreds digit of 901825?
8
What is the tens digit of 5442412?
1
What is the ten thousands digit of 45631?
4
What is the millions digit of 3698424?
3
What is the units digit of 1107187?
7
What is the tens digit of 84098?
9
What is the tens digit of 2324523?
2
What is the units digit of 1651707?
7
What is the thousands digit of 924302?
4
What is the tens digit of 18079381?
8
What is the hundred thousands digit of 238738?
2
What is the ten thousands digit of 159836?
5
What is the units digit of 834614?
4
What is the tens digit of 12568299?
9
What is the hundreds digit of 20865807?
8
What is the ten thousands digit of 73662?
7
What is the units digit of 1087526?
6
What is the thousands digit of 296629?
6
What is the tens digit of 318903?
0
What is the thousands digit of 1352058?
2
What is the millions digit of 6410039?
6
What is the thousands digit of 15892?
5
What is the hundred thousands digit of 7838621?
8
What is the hundreds digit of 940052?
0
What is the ten thousands digit of 293488?
9
What is the hundreds digit of 4663880?
8
What is the hundreds digit of 90439?
4
What is the tens digit of 4253677?
7
What is the thousands digit of 1568217?
8
What is the hundreds digit of 12205843?
8
What is the units digit of 703857?
7
What is the ten thousands digit of 3579625?
7
What is the hundreds digit of 41181?
1
What is the hundred thousands digit of 496246?
4
What is the millions digit of 7708310?
7
What is the units digit of 2358027?
7
What is the thousands digit of 26377221?
7
What is the ten thousands digit of 295761?
9
What is the ten thousands digit of 1354905?
5
What is the units digit of 484975?
5
What is the units digit of 637884?
4
What is the tens digit of 16351148?
4
What is the hundreds digit of 99297?
2
What is the units digit of 659054?
4
What is the tens digit of 2356958?
5
What is the units digit of 520808?
8
What is the hundred thousands digit of 696788?
6
What is the units digit of 3370153?
3
What is the hundreds digit of 9015437?
4
What is the tens digit of 8341255?
5
What is the hundred thousands digit of 141272?
1
What is the tens digit of 2191723?
2
What is the millions digit of 1117766?
1
What is the hundred thousands digit of 251397?
2
What is the millions digit of 7302179?
7
What is the thousands digit of 260771?
0
What is the tens digit of 9594?
9
What is the thousands digit of 379225?
9
What is the hundred thousands digit of 3147472?
1
What is the thousands digit of 4166581?
6
What is the ten millions digit of 15653844?
1
What is the units digit of 2821926?
6
What is the units digit of 8628524?
4
What is the hundred thousands digit of 1364999?
3
What is the millions digit of 1326293?
1
What is the hundreds digit of 2647778?
7
What is the tens digit of 160702?
0
What is the tens digit of 986600?
0
What is the ten thousands digit of 917146?
1
What is the units digit of 1467881?
1
What is the ten thousands digit of 2056783?
5
What is the units digit of 408982?
2
What is the tens digit of 11600805?
0
What is the thousands digit of 544912?
4
What is the hundred thousands digit of 6642369?
6
What is the tens digit of 2371676?
7
What is the hundreds digit of 472220?
2
What is the hundred thousands digit of 10803532?
8
What is the hundreds digit of 2032372?
3
What is the ten millions digit of 19631885?
1
What is the ten thousands digit of 383634?
8
What is the tens digit of 13522963?
6
What is the ten thousands digit of 3380859?
8
What is the hundreds digit of 142545?
5
What is the hundred thousands digit of 2644567?
6
What is the ten millions digit of 12344616?
1
What is the ten thousands digit of 374086?
7
What is the hundred thousands digit of 187491?
1
What is the thousands digit of 246084?
6
What is the tens digit of 196170?
7
What is the thousands digit of 3116627?
6
What is the hundred thousands digit of 2369118?
3
What is the hundred thousands digit of 11351551?
3
What is the tens digit of 3179179?
7
What is the tens digit of 102080?
8
What is the hundred thousands digit of 6613652?
6
What is the tens digit of 48576?
7
What is the hundred thousands digit of 142293?
1
What is the hundreds digit of 165163?
1
What is the units digit of 1064306?
6
What is the hundred thousands digit of 7080370?
0
What is the millions digit of 1599654?
1
What is the hundreds digit of 252018?
0
What is the ten thousands digit of 48104?
4
What is the hundred thousands digit of 1640094?
6
What is the units digit of 391770?
0
What is the ten thousands digit of 26307580?
0
What is the millions digit of 2532189?
2
What is the ten thousands digit of 2056838?
5
What is the thousands digit of 326212?
6
What is the millions digit of 1317628?
1
What is the millions digit of 3685516?
3
What is the units digit of 13352327?
7
What is the hundreds digit of 8349281?
2
What is the ten thousands digit of 1152935?
5
What is the hundreds digit of 18665993?
9
What is the ten millions digit of 18277399?
1
What is the thousands digit of 223689?
3
What is the units digit of 10102762?
2
What is the ten thousands digit of 3209228?
0
What is the hundred thousands digit of 145157?
1
What is the tens digit of 262691?
9
What is the hundred thousands digit of 12750992?
7
What is the ten thousands digit of 1187344?
8
What is the units digit of 3521349?
9
What is the thousands digit of 272492?
2
What is the units digit of 17892560?
0
What is the hundreds digit of 496843